de 657110?
False
Does 957 divide 3459555?
True
Does 68 divide 49844?
True
Is 572 a factor of 1373819?
False
Is 138 a factor of 224380?
False
Is 32 a factor of 77484?
False
Is 20 a factor of 369740?
True
Does 48 divide 35712?
True
Is 68448 a multiple of 48?
True
Does 280 divide 2184280?
True
Is 250 a factor of 1829250?
True
Is 917610 a multiple of 438?
True
Is 2 a factor of 10093?
False
Is 22 a factor of 82390?
True
Does 260 divide 3417175?
False
Is 77832 a multiple of 9?
True
Is 3528879 a multiple of 96?
False
Is 6 a factor of 104481?
False
Is 24570 a multiple of 91?
True
Is 249444 a multiple of 123?
True
Is 1122066 a multiple of 55?
False
Is 3976079 a multiple of 13?
False
Is 8 a factor of 78902?
False
Does 94 divide 29704?
True
Does 18 divide 5240175?
False
Does 51 divide 3400170?
True
Does 5 divide 110530?
True
Does 18 divide 178272?
True
Does 136 divide 28968?
True
Does 7 divide 1282238?
False
Does 63 divide 4525794?
True
Does 1246 divide 12968368?
True
Is 80 a factor of 1963994?
False
Is 16 a factor of 1361664?
True
Does 280 divide 10366?
False
Is 350314 a multiple of 165?
False
Does 1229 divide 7432992?
True
Is 1118 a factor of 10721611?
False
Does 119 divide 278431?
False
Does 166 divide 227586?
True
Is 2538164 a multiple of 56?
False
Does 246 divide 926330?
False
Is 225 a factor of 441426?
False
Does 24 divide 76032?
True
Does 33 divide 19767?
True
Is 62 a factor of 10669022?
True
Is 968070 a multiple of 5?
True
Is 29057 a multiple of 7?
True
Is 730 a factor of 9466056?
False
Does 67 divide 30382248?
False
Is 42279 a multiple of 3?
True
Does 1987 divide 13696391?
True
Is 10 a factor of 424606?
False
Is 34132 a multiple of 4?
True
Is 23 a factor of 1965089?
False
Is 3694853 a multiple of 386?
False
Is 16 a factor of 2950000?
True
Is 9079236 a multiple of 258?
False
Is 224 a factor of 627089?
False
Is 182358 a multiple of 6?
True
Is 93584 a multiple of 16?
True
Does 11 divide 112637?
False
Does 5 divide 3153040?
True
Does 81 divide 174570?
False
Does 26 divide 270835?
False
Does 12 divide 428064?
True
Is 1097152 a multiple of 434?
True
Is 13 a factor of 430110?
False
Is 86 a factor of 57416?
False
Is 2282392 a multiple of 472?
False
Is 536910 a multiple of 10?
True
Is 159100 a multiple of 74?
True
Does 13 divide 73710?
True
Does 27 divide 136188?
True
Is 4852280 a multiple of 712?
True
Is 143919 a multiple of 40?
False
Is 94582 a multiple of 4?
False
Is 12 a factor of 37805?
False
Does 12 divide 2886552?
True
Is 413640 a multiple of 15?
True
Is 370940 a multiple of 10?
True
Does 70 divide 462816?
False
Is 151996 a multiple of 4?
True
Is 21890092 a multiple of 706?
False
Is 228846 a multiple of 124?
False
Does 3 divide 128842?
False
Is 88 a factor of 2043800?
True
Is 216 a factor of 27687?
False
Does 7 divide 387058?
True
Is 537 a factor of 592311?
True
Does 340 divide 237320?
True
Is 15401 a multiple of 10?
False
Is 6 a factor of 1115766?
True
Is 679 a factor of 72324?
False
Does 77 divide 48895?
True
Is 7796040 a multiple of 14?
True
Does 18 divide 8903?
False
Does 243 divide 65492?
False
Does 14 divide 1980847?
False
Does 188 divide 1058065?
False
Does 8 divide 576737?
False
Is 11562417 a multiple of 13?
False
Is 19 a factor of 192907?
True
Does 116 divide 435098?
False
Is 74 a factor of 8362?
True
Is 189 a factor of 527877?
True
Does 218 divide 705557?
False
Is 3 a factor of 211741?
False
Does 89 divide 344430?
True
Does 194 divide 42348?
False
Does 164 divide 16103816?
True
Is 104 a factor of 125424?
True
Is 59892 a multiple of 124?
True
Is 31 a factor of 163959?
True
Does 44 divide 1238015?
False
Is 425409 a multiple of 109?
False
Does 51 divide 272045?
False
Does 99 divide 60192?
True
Is 51 a factor of 142000?
False
Is 183 a factor of 15449592?
True
Does 18 divide 992358?
True
Is 92163 a multiple of 36?
False
Is 1001318 a multiple of 97?
False
Does 35 divide 101255?
True
Does 81 divide 231515?
False
Does 154 divide 75029?
False
Is 560272 a multiple of 388?
True
Is 4 a factor of 67634?
False
Is 3534762 a multiple of 539?
True
Does 94 divide 1545751?
False
Is 7 a factor of 3756977?
True
Does 8 divide 335265?
False
Does 35 divide 4593902?
False
Is 1053788 a multiple of 337?
False
Is 99 a factor of 381645?
True
Is 23 a factor of 208844?
False
Does 136 divide 1332936?
True
Is 23 a factor of 2123359?
False
Is 541 a factor of 737383?
True
Is 26805 a multiple of 3?
True
Is 9 a factor of 467910?
True
Does 5 divide 448387?
False
Is 322848 a multiple of 12?
True
Does 4 divide 13641?
False
Is 238 a factor of 19961?
False
Is 132 a factor of 8366292?
True
Does 55 divide 68750?
True
Is 114856 a multiple of 392?
True
Is 10 a factor of 122651?
False
Is 2502153 a multiple of 5?
False
Does 251 divide 1969597?
True
Is 64 a factor of 616256?
True
Does 20 divide 117129?
False
Is 13887580 a multiple of 14?
True
Is 92 a factor of 125120?
True
Is 1096411 a multiple of 137?
True
Does 376 divide 248160?
True
Is 7384 a multiple of 62?
False
Does 11 divide 324712?
False
Is 112 a factor of 47187?
False
Is 61 a factor of 24888?
True
Is 166292 a multiple of 7?
True
Is 1302 a factor of 5846593?
False
Is 11231495 a multiple of 11?
True
Is 706451 a multiple of 4?
False
Is 2 a factor of 3630159?
False
Is 127 a factor of 66105?
False
Does 17 divide 27698093?
False
Is 413468 a multiple of 117?
False
Is 896496 a multiple of 41?
False
Does 114 divide 1662576?
True
Is 14443776 a multiple of 768?
True
Is 165900 a multiple of 553?
True
Is 516834 a multiple of 124?
False
Does 43 divide 8884746?
True
Is 350 a factor of 667765?
False
Is 130 a factor of 62140?
True
Does 29 divide 67572?
False
Does 5 divide 69895?
True
Is 228054 a multiple of 22?
False
Is 2652776 a multiple of 1016?
True
Is 18 a factor of 192150?
True
Is 1358237 a multiple of 59?
False
Does 61 divide 13808134?
False
Is 34 a factor of 11919074?
True
Is 96 a factor of 106848?
True
Is 1935263 a multiple of 79?
True
Is 15915307 a multiple of 142?
False
Is 131 a factor of 4631467?
False
Does 7 divide 3235813?
True
Does 39 divide 6913?
False
Is 98 a factor of 63770?
False
Does 51 divide 1654819?
False
Is 11 a factor of 5365635?
True
Does 641 divide 3119106?
True
Is 324398 a multiple of 11?
False
Is 833365 a multiple of 18?
False
Is 8335354 a multiple of 294?
False
Is 6 a factor of 3663040?
False
Does 67 divide 50843?
False
Is 80 a factor of 17998000?
True
Does 255 divide 3131321?
False
Is 60 a factor of 111000?
True
Is 166473 a multiple of 275?
False
Is 159909 a multiple of 3?
True
Is 5977326 a multiple of 1383?
True
Is 9 a factor of 2001501?
True
Is 209496 a multiple of 13?
False
Is 2647823 a multiple of 26?
False
Does 10 divide 568060?
True
Does 305 divide 2870612?
False
Is 1212464 a multiple of 540?
False
Is 28 a factor of 103316?
False
Is 19367 a multiple of 107?
True
Is 281415 a multiple of 19?
False
Does 14 divide 1731086?
True
Does 1091 divide 734243?
True
Is 115 a factor of 341320?
True
Is 378 a factor of 3388014?
True
Is 34866 a multiple of 117?
True
Is 216 a factor of 454561?
False
Is 3891078 a multiple of 162?
True
Is 634272 a multiple of 16?
True
Does 16 divide 247440?
True
Does 12 divide 137952?
True
Is 915 a factor of 2168550?
True
Is 13 a factor of 6829862?
True
Is 27 a factor of 9621?
False
Is 56 a factor of 417308?
False
Is 1293127 a multiple of 3?
False
Is 796818 a multiple of 6?
True
Is 64267 a multiple of 5?
False
Is 4550043 a multiple of 179?
False
Is 265 a factor of 69695?
True
Is 344515 a multiple of 67?
False
Is 674 a factor of 313535?
False
Is 7 a factor of 2332620?
False
Does 50 divide 1498350?
True
Does 1666 divide 9038050?
True
Is 1820668 a multiple of 71?
False
Is 17 a factor of 5206?
False
Is 3032688 a multiple of 69?
True
Is 31 a factor of 387896?
False
Is 578 a factor of 6137948?
False
Is 12343475 a multiple of 137?
False
Does 3 divide 4326439?
False
Is 10231 a multiple of 6?
False
Is 3075492 a multiple of 82?
True
Is 78200 a multiple of 23?
True
Is 40 a factor of 13960?
True
Is 14 a factor of 400838?
False
Is 74 a factor of 5558254?
False
Does 23 divide 4738?
True
Does 390 divide 2096730?
False
Is 26 a factor of 4073680?
True
Does 42 divide 458188?
False
Does 54 divide 140346?
True
Does 837 divide 4548723?
False
Does 14 divide 12082?
True
Is 56588 a multiple of 19?
False
Does 241 